{"id":1305,"date":"2026-02-03T09:15:11","date_gmt":"2026-02-03T09:15:11","guid":{"rendered":"https:\/\/project.tnkoffee.com\/ecolesriad2\/?page_id=1305"},"modified":"2026-02-16T12:55:58","modified_gmt":"2026-02-16T12:55:58","slug":"vie-de-classe-et-evenements","status":"publish","type":"page","link":"https:\/\/project.tnkoffee.com\/ecolesriad2\/vie-de-classe-et-evenements\/","title":{"rendered":"Vie de classe et \u00e9v\u00e9nements"},"content":{"rendered":"\t\t<div data-elementor-type=\"wp-post\" data-elementor-id=\"1305\" class=\"elementor elementor-1305\">\n\t\t\t\t\t\t<section class=\"elementor-section elementor-top-section elementor-element elementor-element-c826102 elementor-section-boxed elementor-section-height-default elementor-section-height-default\" data-id=\"c826102\" data-element_type=\"section\">\n\t\t\t\t\t\t<div class=\"elementor-container elementor-column-gap-default\">\n\t\t\t\t\t<div class=\"elementor-column elementor-col-100 elementor-top-column elementor-element elementor-element-5da453b\" data-id=\"5da453b\" data-element_type=\"column\">\n\t\t\t<div class=\"elementor-widget-wrap elementor-element-populated\">\n\t\t\t\t\t\t<div class=\"elementor-element elementor-element-112ac81 elementor-widget elementor-widget-text-editor\" data-id=\"112ac81\" data-element_type=\"widget\" data-widget_type=\"text-editor.default\">\n\t\t\t\t<div class=\"elementor-widget-container\">\n\t\t\t\t\t\t\t\t\t<p>La vie scolaire aux \u00c9coles Riad est rythm\u00e9e par des moments d\u2019apprentissage, de partage et de convivialit\u00e9.<\/p><p>Le quotidien des \u00e9l\u00e8ves s\u2019enrichit de projets p\u00e9dagogiques, de sorties \u00e9ducatives, de c\u00e9l\u00e9brations culturelles, de journ\u00e9es th\u00e9matiques et d\u2019\u00e9v\u00e9nements scolaires qui contribuent \u00e0 leur \u00e9panouissement et \u00e0 la dynamique collective.<\/p><p>Ces exp\u00e9riences favorisent l\u2019esprit d\u2019\u00e9quipe, la confiance en soi et l\u2019ouverture au monde, tout en renfor\u00e7ant le sentiment d\u2019appartenance \u00e0 la communaut\u00e9 scolaire.<\/p>\t\t\t\t\t\t\t\t<\/div>\n\t\t\t\t<\/div>\n\t\t\t\t\t<\/div>\n\t\t<\/div>\n\t\t\t\t\t<\/div>\n\t\t<\/section>\n\t\t\t\t<\/div>\n\t\t","protected":false},"excerpt":{"rendered":"<p>La vie scolaire aux \u00c9coles Riad est rythm\u00e9e par des moments d\u2019apprentissage, de partage et de convivialit\u00e9. Le quotidien des \u00e9l\u00e8ves s\u2019enrichit de projets p\u00e9dagogiques,&nbsp;<a href=\"https:\/\/project.tnkoffee.com\/ecolesriad2\/vie-de-classe-et-evenements\/\">&hellip;<\/a><\/p>\n","protected":false},"author":1,"featured_media":0,"parent":0,"menu_order":0,"comment_status":"closed","ping_status":"closed","template":"template-fullwidth.php","meta":{"footnotes":""},"class_list":["post-1305","page","type-page","status-publish","hentry","odd"],"_links":{"self":[{"href":"https:\/\/project.tnkoffee.com\/ecolesriad2\/wp-json\/wp\/v2\/pages\/1305","targetHints":{"allow":["GET"]}}],"collection":[{"href":"https:\/\/project.tnkoffee.com\/ecolesriad2\/wp-json\/wp\/v2\/pages"}],"about":[{"href":"https:\/\/project.tnkoffee.com\/ecolesriad2\/wp-json\/wp\/v2\/types\/page"}],"author":[{"embeddable":true,"href":"https:\/\/project.tnkoffee.com\/ecolesriad2\/wp-json\/wp\/v2\/users\/1"}],"replies":[{"embeddable":true,"href":"https:\/\/project.tnkoffee.com\/ecolesriad2\/wp-json\/wp\/v2\/comments?post=1305"}],"version-history":[{"count":7,"href":"https:\/\/project.tnkoffee.com\/ecolesriad2\/wp-json\/wp\/v2\/pages\/1305\/revisions"}],"predecessor-version":[{"id":1344,"href":"https:\/\/project.tnkoffee.com\/ecolesriad2\/wp-json\/wp\/v2\/pages\/1305\/revisions\/1344"}],"wp:attachment":[{"href":"https:\/\/project.tnkoffee.com\/ecolesriad2\/wp-json\/wp\/v2\/media?parent=1305"}],"curies":[{"name":"wp","href":"https:\/\/api.w.org\/{rel}","templated":true}]}}

Vie de classe et événements

<div data-elementor-type="wp-post" data-elementor-id="1305" class="elementor elementor-1305">
						<section class="elementor-section elementor-top-section elementor-element elementor-element-c826102 elementor-section-boxed elementor-section-height-default elementor-section-height-default" data-id="c826102" data-element_type="section">
						<div class="elementor-container elementor-column-gap-default">
					<div class="elementor-column elementor-col-100 elementor-top-column elementor-element elementor-element-5da453b" data-id="5da453b" data-element_type="column">
			<div class="elementor-widget-wrap elementor-element-populated">
						<div class="elementor-element elementor-element-112ac81 elementor-widget elementor-widget-text-editor" data-id="112ac81" data-element_type="widget" data-widget_type="text-editor.default">
				<div class="elementor-widget-container">
									<p>La vie scolaire aux Écoles Riad est rythmée par des moments d’apprentissage, de partage et de convivialité.</p><p>Le quotidien des élèves s’enrichit de projets pédagogiques, de sorties éducatives, de célébrations culturelles, de journées thématiques et d’événements scolaires qui contribuent à leur épanouissement et à la dynamique collective.</p><p>Ces expériences favorisent l’esprit d’équipe, la confiance en soi et l’ouverture au monde, tout en renforçant le sentiment d’appartenance à la communauté scolaire.</p>								</div>
				</div>
					</div>
		</div>
					</div>
		</section>
				</div>

<p>La vie scolaire aux Écoles Riad est rythmée par des moments d’apprentissage, de partage et de convivialité. Le quotidien des élèves s’enrichit de projets pédagogiques,&nbsp;<a href="https://project.tnkoffee.com/ecolesriad2/vie-de-classe-et-evenements/">&hellip;</a></p>
